of r(-5)?
3, 173
Let z(y) = -y**2 - 9*y + 5. Let k be z(-9). Suppose -k*s + 470 = 2*g + 3*g, g - 104 = s. Suppose 0 = -5*v + 1 + g. List the prime factors of v.
2, 5
Let w = -7 - -5. Let n be 0 + 3 + 1 + w. List the prime factors of (2 + (-88)/n)*-1.
2, 3, 7
List the prime factors of 16/36 + 95074/126.
5, 151
Let z(q) = q**2 + 15*q + 29. Let w be z(-13). Let f(b) = -b**2 + 6*b - 3. Let o be f(7). List the prime factors of (o/w)/(2/(-15)).
5
Let k(s) = 50*s**2 + s - 10. List the prime factors of k(3).
443
Suppose 0 = m - 5 - 5. Let r = -8 + m. Suppose 0 = 4*z - 6 - r. What are the prime factors of z?
2
Let t(z) = -12*z + 6. Let b be t(-7). Suppose -5*y = -5*w - 5, -3 = -w + 2*y - 1. List the prime factors of b/(-9)*18/w.
3, 5
Suppose 3*x + 2*b = -b + 3267, -3*b - 9 = 0. List the prime factors of x.
2, 3, 7, 13
Let d = 300 - 124. List the prime factors of d.
2, 11
Let g = 254 + -165. List the prime factors of g.
89
Let r(f) = -3*f**2 + f + 381. List the prime factors of r(0).
3, 127
Suppose -b = 10*b. List the prime factors of (-1 + b)*2/2*-162.
2, 3
Let b be (-1)/(((-276)/(-139))/2 + -1). Suppose 9*c = 10*c - b. List the prime factors of c.
139
Suppose -15 = 2*d - 313. What are the prime factors of d?
149
Suppose 3*c = -5*d + 41, 2*c - 4*d = -0 - 2. Suppose c*t - t - 306 = 0. List the prime factors of t.
3, 17
Let b(i) = -i**3 - 7*i**2 - 6*i - 1. Let x(s) = -2*s**2 + 2. Let p be x(-2). Let m be b(p). List the prime factors of 4 - m/(1/1).
5
Suppose -3*g - g = -2620. Let s = g - 442. What are the prime factors of s?
3, 71
Suppose 4*c - 4 = 2*c. Suppose c*v = -14 + 214. What are the prime factors of v?
2, 5
Let g = -12 - -17. Let v(m) = m + 1. Let y(c) = -4*c - 4. Let l(n) = -3*v(n) - y(n). What are the prime factors of l(g)?
2, 3
Let r be 4/(-1)*(-30)/(-8). Let a be r*((-2)/2)/1. Suppose -2*n + 29 = -a. List the prime factors of n.
2, 11
Let d = 872 - 461. List the prime factors of d.
3, 137
Let v(b) = -b**2 - 49*b + 47. What are the prime factors of v(-36)?
5, 103
Let o = 16 + -11. Let u = o + 30. List the prime factors of u.
5, 7
Let m(p) = p**3 - 18*p**2 - 12*p + 29. Let f be m(19). Let b = 236 - f. What are the prime factors of b?
2, 37
Let w(z) = -12*z + 26. Let l be w(2). What are the prime factors of (42/(-63))/((-1222)/(-612) - l)?
2, 3, 17
Let m = -22 + 24. Suppose 5*u - 282 = -3*a, m*a - u = 3*u + 188. Let t = a - 52. List the prime factors of t.
2, 3, 7
Let j = 2950 + -1490. What are the prime factors of j?
2, 5, 73
Suppose 0 = 4*h - 42 + 14. Let f(b) = 3 + 9*b - h - 15*b. List the prime factors of f(-7).
2, 19
Suppose 6*c = 13582 + 4070. What are the prime factors of c?
2, 1471
Suppose -37 = -6*b + 2*b - 3*g, 4*g = -4*b + 40. Suppose b*c = 264 + 576. What are the prime factors of c?
2, 3, 5
Let a be (-184)/18 + (-10)/(-45). Let x be a/(-25) + 12/(-5). Let r = x + 8. What are the prime factors of r?
2, 3
Suppose 2528 = 11*z - 9660. What are the prime factors of z?
2, 277
Suppose -d + 27*d = 47268. List the prime factors of d.
2, 3, 101
Let l = -4067 + 6624. List the prime factors of l.
2557
Let a(z) be the second derivative of -z**5/20 + z**4/3 - z**3/2 + z**2/2 - z. Let p be a(2). Suppose c = -p*c + 96. List the prime factors of c.
2, 3
Suppose 0 = 9*z + 14522 - 69224. What are the prime factors of z?
2, 3, 1013
Let x = -2 + 6. Suppose 3*a + 4 = x*a. Suppose -z + 87 = 4*m, 2*z - 96 = -a*m - 2*z. List the prime factors of m.
3, 7
Let q(b) = -b + 1. Let k be q(-5). Suppose 0 = z - k*z + 30. What are the prime factors of 4/(-2) + z - -3?
7
Let b(j) = j**3 + 12*j**2 + 2*j + 1. Let m be b(-8). Let w = 168 - m. Let u = -41 - w. What are the prime factors of u?
2
Let h(a) = 3*a - 56. Let t be ((-3 - 0) + 6)*(-20)/(-3). What are the prime factors of h(t)?
2
Suppose w - 6*v - 665 = -3*v, 4*v - 3287 = -5*w. List the prime factors of w.
659
What are the prime factors of (-1 + 935)*-1*1815/(-726)?
5, 467
Let w be 33/21 + (-6)/(-14). Suppose 5*q + 3*u - 12 = w*q, -5*q + 4*u + 2 = 0. List the prime factors of -1*q - (-39 + 5).
2
Let q(c) = -584*c - 5. List the prime factors of q(-1).
3, 193
Suppose -6*u - 755 = -11*u. Suppose -124 = -5*i + u. What are the prime factors of i?
5, 11
Let l(k) = -k**3 + 26*k**2 - 65*k + 69. What are the prime factors of l(15)?
3, 523
Let w(p) = -182*p - 40. What are the prime factors of w(-5)?
2, 3, 5, 29
Suppose 3*c = 4*z - 2*c + 10, -6 = -3*c. What are the prime factors of (-6 - (-5 + z))/((-2)/156)?
2, 3, 13
Let b(r) = -r**2 - 2*r + 5. Let p be b(-5). What are the prime factors of (-228)/(-20) + 4/p?
11
Suppose 0 = -4*v + 2 - 18. Let r be (0 - 2)/(v/14). Suppose r*i - 51 = 4*i. What are the prime factors of i?
17
What are the prime factors of (750/(-175))/((-12)/700)?
2, 5
Let y = 2282 + -2112. List the prime factors of y.
2, 5, 17
Let m = -1659 + 2419. List the prime factors of m.
2, 5, 19
Let b(l) = l + 17. Let x be (-16)/(-24) - 38/3. Let a be b(x). Suppose 3*y - 2*y + a*o = 49, -3*o + 12 = 0. What are the prime factors of y?
29
Let u = 1278 + -762. What are the prime factors of u?
2, 3, 43
List the prime factors of (1041/(-15))/(5/(-23 + -2)).
347
Suppose -4*t + 2*t + 4 = 0, 5*t - 935 = -5*n. What are the prime factors of n?
5, 37
Let b(n) = n**2 - 5*n - 1. Let j be b(-1). Suppose -j*s + 947 = -373. What are the prime factors of s?
2, 3, 11
Let w = -1 + 2. Let c(i) = -i**3 + 3*i**2 + 2*i + 5. Let b be c(4). List the prime factors of w/((-44)/(-14) + b).
7
What are the prime factors of -7 + 259/35 - 5826/(-10)?
11, 53
Let c(j) = -199*j - 221. List the prime factors of c(-10).
29, 61
What are the prime factors of (1209/124)/((-3)/(-56))?
2, 7, 13
Suppose -5*c - 7*l = -2*l - 4890, 0 = -4*c - 3*l + 3909. What are the prime factors of c?
3, 5, 13
Suppose -22*m = 18807 - 87491. List the prime factors of m.
2, 7, 223
Let a = -5808 - -10836. List the prime factors of a.
2, 3, 419
Suppose 53921 = 23*i + 4678. List the prime factors of i.
2141
Let f = -2077 - -3420. What are the prime factors of f?
17, 79
Let s = 319 + 242. Suppose 258 = 9*o - s. List the prime factors of o.
7, 13
What are the prime factors of (-3)/4 + (-4300)/(-16)?
2, 67
Let l = -150 - -351. List the prime factors of l.
3, 67
Suppose x + 3 = 0, -7*j + 10*j - 3*x = 2160. List the prime factors of j.
3, 239
Let k(v) = 161*v - 55. What are the prime factors of k(3)?
2, 107
Suppose -y + 1682 = 3*b, -8356 = 89*y - 94*y + 3*b. List the prime factors of y.
7, 239
Let u be 2*(-1 - 52)/1*-1. Suppose -3*n + u + 365 = 0. List the prime factors of n.
157
Let z(g) = g**3 + 8*g**2 + 7*g + 2. Let l be z(-7). Suppose 3*q = x - 81, -4*q - l*x - 12 = 86. Let k = q - -49. What are the prime factors of k?
23
List the prime factors of (((-17654)/65)/1)/((-1)/5).
2, 7, 97
Let q be 50/3*(-24)/(-20). Let r = 59 - q. What are the prime factors of r?
3, 13
Let v be -1 + 4 + (-6 - -1). Let j be 2/4 + 9/v. What are the prime factors of (-1)/((-1)/j)*-3?
2, 3
List the prime factors of (9 - 26)/(5 + 3804/(-760)).
2, 5, 17, 19
Let b = 303 + 271. What are the prime factors of b?
2, 7, 41
What are the prime factors of (104429/(-39) - 3)*6/(-4)?
4021
Suppose -f - 2*f + 5*z + 38 = 0, -2*f = 3*z. Let t be (1 + -11)/(51/(-289))*3. Suppose a = f*a - t. List the prime factors of a.
2, 17
Let a = -4567 - -7963. What are the prime factors of a?
2, 3, 283
Suppose 2*a + w - 1794 = 0, -11*a - 5*w + 915 = -10*a. List the prime factors of a.
5, 179
Let l(y) = 3*y**2 + 17*y + 3. What are the prime factors of l(-12)?
3, 7, 11
Let q = 3 - 8. Suppose -2*t = -5*w - 67, -5*t = -w - 129 + 19. List the prime factors of q + 2 + 1*t.
2, 3
Let k(b) = -b**3 + 6*b**2 + 8*b - 12. Let y be k(7). What are the prime factors of y/10 - 75/(-2)?
37
Let v = -13 + 6. Let y = 52 + v. What are the prime factors of y?
3, 5
Suppose -4*n = -j - 1032, -105*n + 2*j + 1293 = -100*n. List the prime factors of n.
257
Let o(r) = r**3 - r**2 - 1. Let g(z) = -z**2 - 20*z - 34. Let h be g(-18). What are the prime factors of o(h)?
3
Suppose 11951 - 6095 = 2*n. List the prime factors of n.
2, 3, 61
Suppose -2*n = 3*w + 2*n - 214, 3*w + 3*n = 213. Suppose -3*f = -5*h + 110, -f - 36 = -5*h + 3*h. Let l = w + f. List the prime factors of l.
2, 3, 5
Suppose 34569 = 16*v - 13367. What are the prime factors of v?
2, 7, 107
Suppose -2*m